et g(h) = -2*h**3 - 3*h**2 - 3*h. Determine g(-2).
10
Let h(m) = -m**2 - 15*m - 5. Give h(-17).
-39
Let b(m) = -m**2 + 6*m + 13. Calculate b(10).
-27
Let i(s) = -s**2 + 23*s - 110. Determine i(10).
20
Let o(g) = g**3 - 7*g**2 - 9*g + 16. What is o(8)?
8
Let j(q) = -q**3 + 17*q**2 - 3. Determine j(17).
-3
Let h(n) = -n**2 - 7*n - 8. Calculate h(-7).
-8
Let w(r) = -r**3 - 12*r**2 + 3*r - 129. What is w(-13)?
1
Let f(o) = 26*o**2 - 133*o + 14. Give f(5).
-1
Let m(w) = w**3 + 6*w**2 - 20*w - 1. What is m(-8)?
31
Let l(c) = -c**3 + c**2 + c - 1. Give l(3).
-16
Let q(x) = 4*x**3 - 23*x**2 + 15*x + 15. Give q(5).
15
Let w(y) = -y**3 + 8*y**2 + 9*y - 6. Calculate w(7).
106
Let r(x) = x**3 + 3*x**2 - 10*x. What is r(-5)?
0
Let p(k) = -4*k + 68. What is p(17)?
0
Let w(d) = -d**3 + 13*d**2 + 14*d + 7. What is w(14)?
7
Let i(m) = -m**2 + 9*m + 9. What is i(7)?
23
Let d(j) = -j**3 - 11*j**2 - 10*j + 8. Determine d(-10).
8
Let k(v) = 11*v + 46. Calculate k(-4).
2
Let f(d) = -d**2 + 3*d + 13. Calculate f(-3).
-5
Let u(k) = -k**3 + 2*k**2 + 3*k + 7. Give u(3).
7
Let k(n) = -2*n**2 - 7*n - 5. Determine k(-3).
-2
Let x(c) = -c**3 + c**2 - c. What is x(-1)?
3
Let v(w) = w**3 + 6*w**2 + 9*w + 5. What is v(-6)?
-49
Let h(d) = -d + 9. Calculate h(3).
6
Let f(q) = q**3 + q + 45. Determine f(0).
45
Let p(u) = 5*u**3 - u**2 - 6*u - 17. What is p(-2)?
-49
Let v(h) = -4*h**3 - 5*h**2 + 2*h + 1. Calculate v(-3).
58
Let x(f) = -f**3 - 5*f**2 - 4*f - 6. What is x(-4)?
-6
Let t(x) = -2*x**2 + 56*x - 1. Calculate t(28).
-1
Let b(r) = -4*r**2 - 6*r + 5. Determine b(1).
-5
Let d(k) = k**2 - 6*k - 7. What is d(5)?
-12
Let t(g) = g**3 - 36*g**2 - 78*g + 77. What is t(38)?
1
Let q(r) = 2*r**3 + 2*r**2 + r. What is q(-1)?
-1
Let p(y) = 36*y + 314. Give p(-9).
-10
Let p(h) = h**3 + 9*h**2 - 23*h - 6. What is p(-11)?
5
Let h(t) = 54*t + 599. Give h(-11).
5
Let t(v) = 2*v**2 - 4*v - 6. Calculate t(4).
10
Let m(r) = r**3 - 8*r**2 - 14*r + 8. Determine m(9).
-37
Let n(u) = -u**3 - 8*u**2 + 7*u - 10. Determine n(-9).
8
Let r(c) = -c**3 + c. What is r(3)?
-24
Let g(z) = -z**3 + 6*z**2 - 4*z + 5. Calculate g(5).
10
Let n(t) = -4*t - 54. Determine n(-15).
6
Let o(q) = 9*q + 7. Calculate o(-2).
-11
Let s(i) = -13*i - 2. What is s(-10)?
128
Let m(z) = -z**2 + 17*z - 50. Calculate m(6).
16
Let f(t) = -2*t + 4. Determine f(2).
0
Let v(y) = y**3 + 6*y**2 - 4*y + 7. What is v(-7)?
-14
Let i(k) = 8*k - 26. Calculate i(4).
6
Let y(d) = -3*d**3 + 2*d**2 + d - 2. Calculate y(2).
-16
Let i(k) = 2*k**2 - 10*k - 3. Determine i(7).
25
Let u(v) = v**3 - 5*v**2 + 10*v - 8. Calculate u(4).
16
Let f(o) = -2*o**3 - 4*o**2 + 12*o + 4. Determine f(2).
-4
Let m(x) = -x**2 + 18*x + 3. Give m(16).
35
Let o(w) = 71*w - 2. What is o(-1)?
-73
Let p(s) = 11*s + 383. What is p(-35)?
-2
Let n(l) = -7*l - 69. What is n(-5)?
-34
Let x(s) = s + 10. Calculate x(-12).
-2
Let l(z) = -z**3 + 7*z**2 + 4*z - 21. Calculate l(7).
7
Let x(c) = -3*c**3 + 9*c**2 + 3. What is x(3)?
3
Let h(y) = -5*y + 58. Determine h(14).
-12
Let i(p) = p**2 - 6*p + 2. Give i(4).
-6
Let p(j) = j**3 + 28*j**2 + 52*j - 3. Calculate p(-26).
-3
Let l(o) = -o**2 + 5*o + 4. Determine l(7).
-10
Let s(p) = -p - 24. Give s(-26).
2
Let j(a) = a**3 - 11*a**2 + 22*a - 20. What is j(9)?
16
Let t(i) = i**3 + 12*i**2 + 9*i - 14. Give t(-11).
8
Let m(z) = z + 41. What is m(0)?
41
Let m(x) = -18*x**3 + x. Determine m(-1).
17
Let v(l) = l**3 - 4*l**2 - 2*l + 3. What is v(4)?
-5
Let g(t) = -t**3 - 4*t**2 - 6*t - 7. Give g(-2).
-3
Let u(d) = d**3 + 27*d**2 - 29*d - 36. Give u(-28).
-8
Let m(s) = s - 32. Give m(0).
-32
Let p(l) = 6*l**2 - 161*l - 38. What is p(27)?
-11
Let s(z) = -9*z**2 + 2*z + 1. Calculate s(-1).
-10
Let d(x) = -x**2 - 2*x + 12. Give d(0).
12
Let q(m) = 2*m**3 - 48*m**2 + m - 18. Determine q(24).
6
Let y(h) = h + 25. Give y(17).
42
Let f(u) = -u**2 - 11*u - 40. What is f(-6)?
-10
Let y(a) = 2*a - 3. Determine y(-4).
-11
Let d(j) = -2*j**2 - 10*j + 6. What is d(-5)?
6
Let n(b) = -13*b + 70. Determine n(7).
-21
Let l(i) = i**3 - 17*i**2 - 39*i + 25. What is l(19)?
6
Let l(j) = j**2 - 3*j - 1. What is l(-2)?
9
Let a(s) = s**2 + 5*s + 3. Give a(-3).
-3
Let m(t) = -3*t**2 - 13*t - 21. Give m(-2).
-7
Let a(l) = -5*l + 20. Determine a(3).
5
Let j(v) = -2*v**3 + 15*v**2 - v - 34. Calculate j(7).
8
Let s(q) = -11*q - 9. Give s(-2).
13
Let s(v) = -3*v. Give s(4).
-12
Let b(q) = -q**2 - q + 4. Give b(2).
-2
Let x(n) = 2*n + 4. Determine x(-4).
-4
Let z(l) = 2*l + 30. Determine z(-11).
8
Let m(r) = 6*r + 8. Determine m(-4).
-16
Let m(y) = -3*y + 52. Calculate m(17).
1
Let f(z) = -z**2 - 9*z + 20. Calculate f(-11).
-2
Let c(a) = -8*a + 25. Calculate c(3).
1
Let p(o) = o**3 - 6*o**2 + 2*o - 9. Give p(6).
3
Let l(a) = a**2 + 12*a + 10. What is l(-10)?
-10
Let m(h) = -h**3 + 14*h**2 - 23*h - 3. What is m(12)?
9
Let n(t) = -t**3 - 2*t**2 + 2*t + 5. Determine n(-4).
29
Let p(g) = -30*g**2 - g + 1. Calculate p(1).
-30
Let r(t) = 8*t + 523. What is r(-64)?
11
Let s(j) = -j**3 + 9*j**2 - 10*j + 15. What is s(8)?
-1
Let n(u) = 4*u**3 - 19*u**2 - 2*u - 4. Give n(5).
11
Let r(d) = -4*d + 2. Determine r(8).
-30
Let i(t) = 2*t**3 - 51*t**2 - 79*t - 51. What is i(27)?
3
Let d(k) = -k**2 + 6*k + 1. Determine d(6).
1
Let o(i) = -i**2 - 20*i + 35. Calculate o(-20).
35
Let c(p) = -p**3 - 6*p**2 + 2*p + 11. Determine c(-5).
-24
Let j(l) = 3*l**3 - 18*l**2 - 3*l + 17. Determine j(6).
-1
Let u(m) = -m**3 - m**2 - m + 1. Give u(3).
-38
Let f(g) = 110*g + 775. Determine f(-7).
5
Let a(w) = w**3 + 29*w**2 + 56*w + 58. Calculate a(-27).
4
Let b(z) = 7*z**3 - z**2 - 1. Calculate b(1).
5
Let y(x) = -x**3 + 5*x**2 + 14*x - 38. Determine y(5).
32
Let c(m) = -m**2 + 5*m + 16. Calculate c(5).
16
Let n(q) = q**2 + 13*q - 11. What is n(-12)?
-23
Let v(u) = 30*u**2 - 11*u - 10. Calculate v(-1).
31
Let p(m) = -m**2 + 13*m - 1. Calculate p(12).
11
Let v(h) = -4*h**3 + h**2 + 3*h. Determine v(-2).
30
Let c(h) = h**2 - 37*h + 151. Calculate c(32).
-9
Let t(l) = l**3 - 9*l**2 - 9*l. Give t(9).
-81
Let d(a) = -2*a - 9. What is d(-4)?
-1
Let v(o) = o**3 + o**2 - 4*o + 2. Give v(0).
2
Let x(d) = -9*d**2 + 117*d + 9. What is x(13)?
9
Let i(x) = 6*x**2 - x - 3. Determine i(1).
2
Let a(h) = -2*h**2 + 46*h - 47. Give a(22).
-3
Let o(c) = 2*c + 24. What is o(-11)?
2
Let a(m) = m**3 - 6*m**2 - 10*m + 22. Give a(7).
1
Let o(z) = 24*z**3 - z + 1. What is o(1)?
24
Let v(m) = -m**3 - m**2 + 4*m - 11. Determine v(2).
-15
Let w(p) = -15*p + 22. What is w(1)?
7
Let x(n) = 18*n**2 - 7*n. Determine x(2).
58
Let h(m) = m**3 - 5*m**2 + m - 1. Determine h(4).
-13
Let k(n) = 2*n**2 + 5*n + 2. What is k(0)?
2
Let g(o) = 2*o**2 - 48*o - 16. Determine g(24).
-16
Let x(z) = -z**2 + 8*z - 4. What is x(6)?
8
Let w(z) = -z**2 + 5*z + 10. What is w(6)?
4
Let l(f) = -f**2 + 3*f + 13. Give l(5).
3
Let j(x) = -x**2 + 13*x + 15. Calculate j(14).
1
Let f(v) = -3*v - 3. Determine f(7).
-24
Let r(f) = -5*f + 3. Determine r(7).
-32
Let k(l) = -l + 31. Determine k(32).
-1
Let d(n) = 7*n**3 + 5*n**2 - 2*n - 4. Calculate d(-2).
-36
Let g(q) = 33*q**2 - 7*q + 6. Calculate g(1).
32
Let t(a) = 6*a + 22. What is t(-5)?
-8
Let w(l) = -3*l + 43. Determine w(18).
-11
Let v(c) = -c + 1. Give v(-3).
4
Let v(u) = -u - 3. Calculate v(3).
-6
Let h(o) = 5*o**2 + 315*o - 12. What is h(-63)?
-12
Let d(o) = -o**3 - 11*o**2 + 14*o + 20. Determine d(-12).
-4
Let r(y) = -2*y**2 - 2*y + 6. Calculate r(-4).
-18
Let c(j) = 2*j**2 - 28*j + 1. What is c(14)?
1
Let u(i) = i**3 - 14*i**2 - 18*i + 48. Calculate u(15).
3
Let u(w) = -31*w + 2. Determine u(-1).
33
Let j(g) = g**3 - 8*g**2 - 28*g + 79. What is j(10)?
-1
Let n(k) = 41*k - 229. Determine n(6).
17
Let r(i) = -2*i - 34. Give r(-7).
-20
Let z(r) = r**3 + 17*r**2 - 4*r - 39. What is z(-17)?
29
Let y(j) = -j**2 + 20*j - 45. Determine y(3).
6
Let r(w) = -w**2 + 16*w - 44. What is r(5)?
11
Let j(a) = 2*a - 159. Give j(0).
-159
Let g(n) = -11*n**2 - n + 3. Calculate g(2).
-43
Let y(n) = n**3 - 5*n**2 + 4*n + 3. Calculate y(4).
3
Let g(r) = 15*r + 5. Calculate g(-1).
-10
Let a(y) = y**3 - 19*y**2 - 2*y + 38. What is a(19)?
0
Let o(y) = 3*y + 89. Give o(-31).
-4
Let p(k) = -9*k**2 + 2*k + 1. Give p(1).
-6
Let b(r) = -r**3 - 53*r**2 + 109*r - 52. Determine b(-55).
3
Let c(p) = -2*p + 10. Calculate c(6).
-2
Let z(a)